and 44.
11
Let t(i) = i**2 - 3*i - 5. Let g be t(-5). Let r = -194 - -201. Calculate the greatest common divisor of r and g.
7
Let k(r) = 617517*r - 617505*r + 0 + r**2 - 3. Let g = -25 - -11. Let b be k(g). Calculate the greatest common factor of b and 125.
25
Let g(w) = w**2 - 8*w + 9. Let a be g(7). Suppose -n - a*n = -150. Let z = -747 + 767. What is the greatest common factor of n and z?
10
Let g be ((-13)/2)/(4/8). Let y = g + 20. Calculate the highest common factor of y and 77.
7
Suppose -8 - 16 = -8*y. Suppose 0 = 3*u + y*i + 2*i - 96, -5*u + 160 = 4*i. Calculate the greatest common divisor of 4 and u.
4
Let f(a) = a**3 + a**2 - 2*a + 5. Let t = 26 - 20. Let j(d) = d - 2. Let r be j(t). Let i be f(r). Calculate the greatest common factor of i and 7.
7
Let i = -22 + 27. Suppose -5*a = -v + 14 + 5, i*v + a = 199. What is the highest common divisor of v and 13?
13
Let t be (50/(-8))/(-1) + (-30)/120. What is the highest common divisor of 102 and t?
6
Suppose -2*p + o - 268 = -1110, -5*o = -2*p + 826. Calculate the greatest common factor of 94 and p.
47
Suppose 3*v = -5*h + 24, 3*h - h = -v + 10. Let n = 1 - -11. Suppose 3*c + n = 4*c. Calculate the highest common factor of c and h.
6
Let a = -1924 - -4651. Calculate the greatest common divisor of 101 and a.
101
Let d be 1/(2 - 1532/768). Suppose -3*g - g = -2*l, 0 = -4*l + 2*g + 12. Let m be (-532)/(-22) + l/(-22). What is the highest common divisor of d and m?
24
Let b(h) be the third derivative of -h**4/8 - h**3/3 + 4*h**2. Let j be b(-2). Let i be 52/(j*(-2)/(-4)). What is the highest common divisor of 65 and i?
13
Let v = 58 - 2. Let l = -51 + v. What is the highest common divisor of l and 15?
5
Let g(a) = -7*a - 1. Let d be g(-7). Suppose 3*y + 5*q = 41, 0 = 5*q - 1 - 4. What is the highest common divisor of y and d?
12
Let i be (-2)/6*0*-1. Suppose i = 4*q - q - 3. Let a = 427 - 425. Calculate the greatest common divisor of a and q.
1
Let m be 1047/7 + (3 - 54/21). Calculate the highest common divisor of 6 and m.
6
Suppose -5*b = 10, 2*n + 4*b - 8*b = 4. Let q be 27/n*(-44)/6. Let u be 10 - (-9 - -5 - -3). What is the highest common divisor of u and q?
11
Let k(p) = -p**2 + 4. Let v be k(-6). Let t = v + 57. What is the highest common factor of 50 and t?
25
Suppose -11*z + 16*z = 1560. Calculate the highest common factor of z and 24.
24
Let q be (315/10)/(9/48). Suppose 12*l - q = 312. What is the highest common divisor of l and 30?
10
Let o = -68 - -30. Let m = 52 + o. Calculate the highest common factor of m and 21.
7
Let g = 60 + -46. Suppose 5*i - g = 1. Calculate the highest common divisor of 9 and i.
3
Suppose 12*d + 25 = 7*d. Let k = d + 11. Calculate the highest common factor of 24 and k.
6
Let l = 81 - 64. Calculate the highest common divisor of l and 323.
17
Let q be 1094/12 + (-7)/42. Suppose -v = -6*v. Suppose 2*y + 0 - 6 = v, -4*y = 5*s - 77. Calculate the greatest common factor of s and q.
13
Let b be ((-4)/(-10))/(7/210). Suppose -324 = -0*g - 3*g. What is the highest common factor of g and b?
12
Let t be ((-7)/(-3))/(1/(-3)). Let l = 33 - t. Let o be (-62)/(-6) - 2/6. Calculate the greatest common divisor of l and o.
10
Suppose -8*t + 3359 + 585 = 0. What is the highest common divisor of t and 17?
17
Suppose 31*k + 1017 = 22717. What is the highest common factor of k and 300?
100
Let z(p) = -p**2 + 10*p - 13. Let h be 1 - -8 - (-4)/(-2). Let s be z(h). Let u(v) = v - 3. Let j be u(s). Calculate the highest common divisor of j and 35.
5
Let a be ((-12)/10)/(27/(-630)). Suppose -24*w - 132 = -a*w. Suppose 2*h + 2*h = 5*s + 113, h + 2*s - 12 = 0. What is the greatest common divisor of h and w?
11
Let v(q) = -q**2 - 33*q - 92. Let x be v(-28). Calculate the greatest common factor of x and 30.
6
Suppose -2*i - 604 = -3*o, -5*i = -o + 117 + 80. Suppose s = o + 50. Calculate the highest common factor of s and 28.
28
Let y = 305 + -278. Calculate the greatest common factor of 3 and y.
3
Suppose 0 = -15*f + 1989 + 9111. Calculate the highest common divisor of 20 and f.
20
Let t be (-30)/(-7)*1 - (-4)/(-14). Suppose -y - 2*v + 12 = -4*v, 0 = 3*y - v - 46. What is the highest common divisor of t and y?
4
Suppose 2*k + 195 = 3*d, -3*d - 3*k = -k - 195. Let z(b) = 14*b**3 + 2*b**2 - 2*b - 1. Let m be z(1). What is the highest common factor of m and d?
13
Let w(p) = -118*p**3 - 3*p - 4. Let g be w(-1). Calculate the greatest common factor of 91 and g.
13
Suppose y - 2*a + 6*a = 78, -130 = -2*y + 5*a. Calculate the greatest common factor of y and 80.
10
Suppose -4*s = -s - h - 186, 2*h - 6 = 0. Let m(a) = -19*a**3 - a**2 - a - 1. Let f be m(-1). What is the greatest common factor of s and f?
9
Let a(f) = 7*f**2 + 9*f - 190. Let o be a(10). What is the greatest common divisor of o and 24?
24
Suppose -8 = 2*c, -l - 4*l = -4*c - 81. Let s = 5 + l. Let n be ((-384)/56)/(2/(-42)). What is the highest common divisor of n and s?
18
Let s be ((-3)/(-3))/(-1)*3. Let m be -1 + 494 + s - -2. Suppose -3*q + 0*q + 348 = 3*c, 3*q + m = 4*c. Calculate the highest common divisor of c and 48.
24
Let c = -1909 + 1929. Suppose 4*z + d - 2 = 12, -d + 18 = 5*z. What is the greatest common divisor of c and z?
4
Let a(i) = -4*i + 3. Let z = -59 - -56. Let f be a(z). Calculate the greatest common divisor of 135 and f.
15
Let m = 40 - 38. Let g(d) = 14*d. Let b be g(m). What is the greatest common divisor of b and 4?
4
Let v(l) = -56*l + 2. Let y be v(-2). Let f be (8/24)/(1/y). Calculate the highest common divisor of 95 and f.
19
Let r = -483 + 489. What is the highest common divisor of r and 16?
2
Let d = -18854 - -18894. Let f(p) = p**2 - 3*p - 8. Let w be f(6). What is the greatest common divisor of w and d?
10
Let j be 721/4 - (2 + 63/(-36)). What is the greatest common factor of 108 and j?
36
Suppose 3*s = -3*k + 2092 + 971, -2*k = -4*s + 4090. Calculate the highest common divisor of 28 and s.
14
Let a be (8/(-24))/((-1)/63). Suppose 0*x - 20 = -5*x. Suppose p = -g - 2*p + 8, x*g = -2*p + 52. What is the greatest common factor of a and g?
7
Let a(g) = 2*g + 12. Let f be a(-5). Suppose -f*r = -3*r + 4. Suppose -4*v + r*y + 80 = 0, -v + 5 = v + 5*y. What is the greatest common divisor of 150 and v?
15
Let x(u) = u**2 - 53*u - 206. Let v be x(-23). What is the greatest common factor of v and 6?
6
Let n be (40/(-6))/((-10)/480). Calculate the greatest common divisor of 20 and n.
20
Let w = 2 - -4. Suppose -w*q = 1 - 37. Let v be q/(4/(-60)*-6). Calculate the greatest common divisor of 15 and v.
15
Suppose 2*q = -q - h + 4975, 2*q + 3*h = 3305. What is the highest common divisor of q and 20?
20
Let s = -5 + 37. Suppose -3 = -3*n + 3*v + 27, -v = 5*n - s. What is the greatest common divisor of 35 and n?
7
Let x = 1977 + -1383. What is the greatest common divisor of 54 and x?
54
Let w be (-6)/(-4)*(26 + 0). Let s = -24 + w. Suppose 3*h + 4*n - 115 = 0, -4*h + 3*h = -5*n - 70. Calculate the highest common divisor of s and h.
15
Let r(a) = a**2 - 12*a + 1. Let w = 26 + -13. Let x be r(w). Calculate the highest common divisor of x and 35.
7
Let v = -158 - -228. Suppose a - 78 = -v. What is the highest common factor of a and 40?
8
Let k be (-4 - -14) + -2 + 2. Suppose -2*j = 3*j - k. What is the highest common divisor of j and 3?
1
Suppose -5*l - 878 - 2497 = 5*m, 0 = -l - 2*m - 674. Let i = 28 + -20. Let z be l/(-36) - i/(-36). What is the highest common divisor of z and 114?
19
Let k = 37 - 34. Suppose k*x - 46 = -w - 4*w, 42 = 3*x + 3*w. Calculate the greatest common factor of 96 and x.
12
Suppose -6*g + 15 - 3 = 0. Suppose g*p + 264 = 3*p. Calculate the highest common factor of p and 33.
33
Suppose -31*y + 48*y - 3366 = 0. What is the greatest common factor of y and 99?
99
Let o be ((-672)/(-15))/8*5/2. Suppose 752 = 4*g - 1264. Suppose 0 = 2*x + 2*x - g. What is the greatest common factor of x and o?
14
Suppose 82*h + 1830 = 11424. What is the greatest common factor of 63 and h?
9
Let z = 2184 + -2073. Calculate the highest common divisor of z and 2.
1
Let o(z) = -2*z**2 - 18*z + 3. Let q be o(-7). Suppose 0*u + x = u - q, 4*x - 31 = -u. What is the greatest common factor of 248 and u?
31
Let n(i) = -7*i - 5. Let j be n(-5). Suppose 0 = -z - o + 18, -z + 12*o = 17*o - 10. What is the greatest common f